 h(g) be the first derivative of -g**4/4 - 7*g**3/3 - 3*g**2 - 3*g + 12. Calculate h(-6).
-3
Let d(g) be the second derivative of g**3/6 - g**2/2 + 3*g. Let v(w) = w**2 - w**2 - 8*w - w**2 + 10. Let z be v(-9). Determine d(z).
0
Let w(f) = f**3 - 6*f**2 + 5*f - 2. Suppose n = -3*x - 14, x + 4*n + 2 - 1 = 0. Let a be -4*(75/12)/x. Calculate w(a).
-2
Let q(t) = t**3 - 3*t**2 + 3*t. Suppose -3*g - 11 = z, -2*z + 23 = -0*g - 3*g. Let r = z - 2. What is q(r)?
2
Let g(o) be the first derivative of o**7/840 - o**6/90 - o**5/30 - o**4/12 + o**3 - 7. Let f(t) be the third derivative of g(t). Calculate f(5).
3
Let m(b) = b + 6. Let x be (2 + (0 - 4))/(3/9). Calculate m(x).
0
Let h(j) = 4*j - 6. Let n(k) = -4*k + k + 0*k - k + 5. Let p(i) = -2*h(i) - 3*n(i). Determine p(2).
5
Suppose -28*v = -32*v + 16. Let d(t) be the third derivative of -t**6/120 + t**5/12 - t**4/6 + t**3 - t**2. Determine d(v).
6
Let v be (-6)/(-1) - (-12)/(-6). Let p(m) = -m - 2. What is p(v)?
-6
Let d(b) = 21*b**3 - 2*b**2 - 5*b - 3. Let o(r) = -10*r**3 + r**2 + 2*r + 1. Let s(n) = -2*n. Let c be s(1). Let i(a) = c*d(a) - 5*o(a). Calculate i(-1).
-8
Let b(k) be the second derivative of -k**6/120 - k**3/6 + 5*k**2/2 + 7*k. Let g(r) be the first derivative of b(r). Determine g(-1).
0
Let q(x) = 17*x**2 - 6*x + 6*x. Determine q(1).
17
Let u(y) = y**2 + 4*y - 5. Suppose 0 = -4*x + x. Suppose 4 = h - x. Suppose h*b + 8 = -8. Determine u(b).
-5
Let r(d) = -d + 8. Let u(j) = 3*j - 23. Let f(t) = -11*r(t) - 4*u(t). Suppose 0 - 68 = -4*h. Let s = -12 + h. Calculate f(s).
-1
Let k(v) = -6*v**2 - 2*v - 2. Let h(y) = -y**2 - y - 1. Let l(g) = 4*h(g) - k(g). Determine l(3).
10
Let n(j) = -6*j**3 + 1. Let c(q) = -q. Let i(g) = g**3 + 2*g**2 - 2*g - 3. Let a be i(-2). Let u be c(a). Let o be 2 - -1 - (1 - u). Calculate n(o).
-5
Let i(x) = -8*x - 11. Let j(l) = -4*l - 5. Let g(h) = -6*i(h) + 13*j(h). What is g(-5)?
21
Let m(x) = -1. Let c(s) = -2*s + 5. Let l(w) = c(w) + m(w). Give l(4).
-4
Let s(o) = 2*o - 1. Let h(c) = c**2 - 3. Let b be h(-3). Give s(b).
11
Let s(q) = -q**2 + 4*q - 2. Let c(j) = 3*j - 1. Let h(a) = 3*c(a) - 2*s(a). Let o(d) = d**3 + 4*d**2 + 6*d + 6. Let w be o(-2). Determine h(w).
11
Let v(m) = -m**3 + 5*m**2 - 2. Let i(l) = l**3 - 5*l**2 - l + 1. Let t(h) = 2*i(h) + 3*v(h). Give t(4).
4
Let q(z) = z**3 - 8*z**2 - z + 3. Let d(n) = -2*n + 22. Let t be d(7). Determine q(t).
-5
Let v(t) = 5*t - 2. Let u be (-176)/(-28) + (-2)/7. Suppose -u = -o - o. What is v(o)?
13
Let u(l) be the second derivative of l**6/720 - 7*l**5/120 - l**4/12 - 9*l. Let r(g) be the third derivative of u(g). Give r(6).
-1
Let y(d) be the first derivative of 1/60*d**5 - 1/4*d**4 + 1 + 0*d**2 + 0*d + 1/3*d**3. Let x(z) be the third derivative of y(z). Determine x(4).
2
Let y(w) = w**3 + 10*w**2 + 7. Let c(u) = -2*u**3 - 21*u**2 - 15. Let d(b) = -4*c(b) - 9*y(b). Let l be d(-6). Let p(s) = 2*s - 2. Calculate p(l).
-8
Let s be 1*-7*(-4)/14. Let x(v) = 3*v - 2*v**2 - s*v - 1 + 9*v**2. What is x(1)?
7
Let f(n) = -2*n + 3*n - 2*n + 0*n. Determine f(-2).
2
Suppose 3*g - 3*x = 12, -3*g - x - 2 - 2 = 0. Let q(c) = c**3 - 3 + 1 + 0 - c. Calculate q(g).
-2
Let y = -7 + 2. Let d(s) = s**2 + 6 + 5*s + 2 - 2. Give d(y).
6
Let h = -10 - -14. Suppose 5 = -3*z + s, -h*z = -0*z + 5*s - 6. Let a be (1 + z)/(4/4). Let g(q) = -q. What is g(a)?
0
Let p(f) be the second derivative of f**4/12 - f**3/2 + f**2 - 2*f. Let x be 6/14 + (-18)/(-7). Calculate p(x).
2
Let h(a) = a + 10 - 17 + 1. Give h(8).
2
Let c(v) = v**2 - v + 2. Let s be (3/(-12)*0)/(4/2). Determine c(s).
2
Let w(c) = 10*c + 2. Suppose 4*n = -r + 71, 0*n - 4*r + 32 = 2*n. Let j(q) = -q. Let h(s) = n*j(s) + 2*w(s). Let d be 2*5/4*-2. Give h(d).
-6
Let m(j) = -j - 3. Let g be m(-5). Let v(k) = -4*k**2 - g*k**2 - 6*k**2 + 1 - 2*k**2 + 2*k. Calculate v(-1).
-15
Let y(g) be the second derivative of -7/2*g**2 + g - 1/12*g**4 + 4/3*g**3 + 0. Let h be (-11)/(-22) - (-22)/4. Calculate y(h).
5
Let t(h) be the first derivative of h**4/4 + 5*h**3/3 - h**2/2 - 3*h - 63. Suppose -2*n = 4 + 6. Give t(n).
2
Suppose -l - 2*l + 26 = 5*a, -12 = -5*a + 4*l. Let m(n) = a - 13*n + 15*n - 1 + n**2 - n**3. Calculate m(3).
-9
Let c(x) = -2*x**2 - 8*x - 5. Let v(u) = -u**2 - 4*u - 3. Let t(n) = 3*c(n) - 5*v(n). Let l be t(-5). Let b(h) = 1 + 3*h - 2*h - 2*h. Determine b(l).
6
Suppose 25 = -0*q + 5*q. Let d(n) = -4 + 6 + q - 8 - 2*n. Let o be 1/(1/5) - 1. Give d(o).
-9
Suppose 0*k - 8 = -2*k + r, r = 2. Let y be 0/(6/(k + -2)). Let t(v) = -v**3 + 6. Calculate t(y).
6
Suppose j + 2*j = 12. Let o = 8 - j. Let z(n) = -n**2 - 3 - 6*n + o*n + 0*n**2. Give z(-2).
-3
Let a be (-23)/(-5) - 6/(-15). Let i(l) = -l + 2. Determine i(a).
-3
Let f be 3*((-8)/2 + 3). Let q(n) be the third derivative of -n**2 + 0*n + 0 - 1/3*n**3 - 1/24*n**4. Calculate q(f).
1
Let b(k) = -k**2 + 3. Let d = 24 - 15. Let t be (-6)/(-21) + d/(-7). Let j be (t*3)/((-2)/2). Calculate b(j).
-6
Let n = -4 + 16. Suppose 5*c + n = 2*c. Let x(j) = 3*j**3 - 3*j**2 + 5*j + 2. Let l(r) = 4*r**3 - 3*r**2 + 5*r + 3. Let k(b) = 4*l(b) - 5*x(b). What is k(c)?
6
Let t be 6/21 + (-79)/7. Let s = 16 + t. Let v(l) be the second derivative of l**5/20 - l**4/3 - 2*l**3/3 + l**2 - 8*l. What is v(s)?
7
Let c(f) = -2*f**3 + 26*f**2 - f + 18. Let m be c(13). Let l(y) = -y**3 + 5*y**2 + 3*y + 2. Give l(m).
17
Let b be -1 - (-1 - -1 - 5). Suppose 4*m - 2 = i, -b*i + 3*m + 10 = 5*m. Let q(x) = x - 2*x - 4 - x**i + 7*x. What is q(5)?
1
Let f be (-2)/((-6)/(-4) - 1). Let d(s) = -4*s - 5. Let c(v) = -4*v - 5. Let j(n) = -6*c(n) + 7*d(n). What is j(f)?
11
Let p(v) = -5*v**2 + 0*v**2 + 3*v**2 - 1 - 9*v**2. Suppose 4*q + 5*u = 2*u - 7, -1 = -3*q + 4*u. Give p(q).
-12
Let z(u) = -10*u + 3. Let n(b) = b. Let k(f) = 22*n(f) + 2*z(f). Determine k(-6).
-6
Let b(o) = 3. Let t(y) = y + 3. Let a(z) = 6*b(z) - 5*t(z). Let p(u) = 4*u - 2. Let j(m) = 3*a(m) + 4*p(m). Give j(-6).
-5
Suppose j + 21 = -4*j - 3*w, 2*w = -4. Let g(p) = -4*p + 2. Calculate g(j).
14
Suppose 4*n = -32 + 4. Let y(v) = -4*v**3 + 3*v**2 + 4. Let a(q) = -q**3 + q**2 + 1. Let r(s) = n*a(s) + 2*y(s). Determine r(-1).
1
Let x(d) = -d**3 - 8*d**2 + 10*d + 8. Let v be x(-9). Let p = 15 - 9. Let g(r) = 0*r**2 - 4*r - r + 6*r + p*r**2. Give g(v).
5
Let m be (-25)/40 + (-2)/(-16) + 1. Let r(d) be the second derivative of 0 - m*d**3 + 1/2*d**2 - 4*d + 1/6*d**4. Give r(3).
10
Let u = -9 - -13. Let d(j) = 13 - u - 9 - 4*j**2. Determine d(-1).
-4
Let i(n) = 10*n**2 - 6*n + 7. Let x(f) = -3*f**2 - 5*f**2 + 5*f - 6 - 2*f**2. Let v(l) = -6*i(l) - 7*x(l). What is v(-1)?
9
Let r(w) be the first derivative of -w**3/3 - 3*w**2 + w - 37. Determine r(-7).
-6
Let j be 7/(28/(-8)) + 4. Let g(o) = 3*o**j + 6*o - 4*o**2 + 2 - 1. Give g(5).
6
Let z = -15 - -21. Suppose -h = h + z. Let w(i) = -i**2 - 3*i - 3. Determine w(h).
-3
Suppose -4*l = 2*l - 54. Let x = l + -11. Let u(s) = s**3 - 4*s - 3. Give u(x).
-3
Suppose -2*a + a + 4 = 0. Let g be (-3)/(-2)*(-4)/(-1). Let n(y) = g*y + 0*y**3 - y**3 - 3*y + 3*y**2 - 2. Determine n(a).
-6
Let o(v) = -3*v**2 + 3*v - 1. Let y(u) = u**2 - u + 1. Let f(z) = -2*o(z) - 5*y(z). Give f(4).
9
Let s = 12 + -11. Let x(o) = 13*o. Calculate x(s).
13
Let t(p) be the first derivative of -p**3 + p + 1. Let u be -2 + ((-15)/(-1))/3 + -1. Calculate t(u).
-11
Let c = 7 - 3. Suppose -v - v = 3*g + 5, 3*g + v = -c. Let x(r) = 6*r**2 + 2*r - r + 0*r**2. Determine x(g).
5
Let v(z) = 19*z**3 - 2*z**2 - 5*z + 2. Let r(k) = 29*k**3 - 3*k**2 - 8*k + 3. Let t(p) = -5*r(p) + 8*v(p). What is t(1)?
7
Let r(v) = -v**3 + v**2 - 2. Suppose -c - c = -10. Suppose -3 = -4*p + c. Determine r(p).
-6
Let j(a) = -a**3 - 8*a**2 - 6*a + 7. Let i be 14*((-4)/8)/1. Let b be j(i). Let n(w) = w**3 + w**2 + w. Give n(b).
0
Let p be (-1 - -1) + (3 - 3). Let a(h) = -h**3 + h**2 - 8. Calculate a(p).
-8
Suppose 4*z = 3*q + 3, -q - 5*z - 12 + 30 = 0. Let o(p) = -2*p - q*p + 2*p + 2*p. What is o(2)?
-2
Let y(x) = -x**3 + 4*x**2 + 3*x + 6. Suppose -3*n - 10 = 20. Suppose 28 - 8 = -4*h - 3*k, -h + 2 = -k. Let w be (-3 - h)/(2/n). Determine y(w).
-4
Let j = -6 - -5. Let z(g) = -4*g**2 + 2*g**2 - 2*g**2. Determine z(j).
-4
Let u(f) = f**2 + 1. Let m(x) = 4*x. Let d be m(-2). Let y be ((-3)/2)/((-6)/d). Give u(y).
5
Let q(m) be the seco